he greatest common factor of 40 and 181694816.
8
Calculate the greatest common divisor of 1193424 and 460976.
752
Calculate the greatest common factor of 36290 and 2181580.
190
Calculate the greatest common factor of 243010040 and 1820.
1820
What is the highest common divisor of 228676470 and 8328?
2082
Calculate the greatest common factor of 97878 and 374.
22
What is the greatest common factor of 181048019 and 109?
109
Calculate the highest common divisor of 3017 and 5313799.
431
Calculate the greatest common divisor of 761 and 44561116.
761
Calculate the greatest common factor of 65378 and 4131230.
194
Calculate the highest common factor of 1648360 and 174.
58
Calculate the highest common factor of 118146999 and 12.
3
Calculate the highest common factor of 4590004 and 13775.
29
What is the highest common divisor of 70 and 12464046?
14
Calculate the highest common factor of 7263 and 4616578.
269
Calculate the greatest common divisor of 15 and 1115090.
5
Calculate the greatest common factor of 6658594 and 268.
134
Calculate the highest common divisor of 21 and 13100430.
21
What is the greatest common factor of 37759479 and 50721?
4611
Calculate the highest common factor of 22223569 and 2923.
2923
What is the greatest common divisor of 475048521 and 18?
9
Calculate the greatest common divisor of 1047308562 and 162.
54
Calculate the highest common divisor of 48 and 3955782.
6
Calculate the highest common divisor of 25899 and 32953131.
291
What is the highest common divisor of 55631235 and 1205?
1205
What is the highest common divisor of 10640 and 112105?
35
What is the greatest common factor of 4034359 and 448?
7
Calculate the greatest common divisor of 1144 and 33615153.
143
What is the greatest common factor of 12 and 785177286?
6
Calculate the greatest common factor of 479676 and 4189.
71
Calculate the highest common factor of 125267143 and 53.
53
What is the greatest common factor of 12500994 and 6?
6
Calculate the highest common divisor of 26467777 and 4564.
1141
What is the greatest common divisor of 23655 and 50255?
95
What is the greatest common factor of 769680 and 5220?
180
Calculate the highest common factor of 121706892 and 6624.
828
What is the greatest common factor of 9583650 and 8525?
775
Calculate the highest common divisor of 560 and 2889200.
80
What is the highest common divisor of 67347 and 294?
21
Calculate the highest common divisor of 11824480 and 2355904.
8992
What is the highest common factor of 12749665 and 380?
95
What is the greatest common factor of 1758032 and 628672?
304
What is the highest common factor of 3811192 and 157619?
1771
What is the greatest common factor of 15658935 and 30?
15
What is the greatest common factor of 5651236 and 4?
4
What is the greatest common divisor of 646 and 38240806?
38
Calculate the highest common factor of 7014735 and 2205.
315
Calculate the greatest common divisor of 19351699 and 23969.
2179
Calculate the highest common divisor of 50 and 44107480.
10
Calculate the greatest common factor of 6149 and 112411.
13
Calculate the highest common divisor of 160383 and 702906.
579
Calculate the greatest common divisor of 20 and 1705.
5
What is the highest common factor of 4531 and 212773?
23
What is the greatest common factor of 405721 and 208951?
937
Calculate the greatest common divisor of 4984 and 607425.
623
Calculate the highest common divisor of 11039428 and 34.
2
Calculate the highest common factor of 72058 and 179.
1
Calculate the highest common factor of 437333 and 14703.
13
Calculate the highest common factor of 6 and 1076866446.
6
What is the greatest common factor of 3854 and 2193453998?
3854
Calculate the highest common factor of 10882133 and 7.
1
Calculate the greatest common factor of 179 and 13761520.
179
Calculate the highest common factor of 18886 and 16154488.
994
Calculate the highest common divisor of 265446 and 90.
18
Calculate the greatest common divisor of 114 and 45231153.
57
Calculate the greatest common divisor of 896 and 341456416.
224
What is the highest common factor of 697 and 6001731?
17
Calculate the greatest common factor of 91 and 23283208.
13
Calculate the greatest common factor of 46 and 5282663.
23
What is the highest common divisor of 1164826710 and 852?
426
Calculate the highest common divisor of 2604472 and 2330584.
2536
Calculate the highest common divisor of 424824 and 3176.
8
Calculate the greatest common divisor of 12457467 and 2277.
2277
What is the greatest common factor of 258 and 760348317?
129
Calculate the highest common divisor of 5416023 and 4625.
37
Calculate the greatest common divisor of 1396915 and 197600.
65
Calculate the highest common divisor of 2733 and 23735194.
911
Calculate the highest common divisor of 3888929 and 1617.
11
What is the highest common factor of 19089 and 26173847?
707
Calculate the highest common divisor of 2861824 and 59248.
112
Calculate the greatest common divisor of 3056760 and 91665.
315
Calculate the highest common factor of 210 and 32997615.
105
Calculate the greatest common factor of 1760724 and 38223.
1233
What is the greatest common divisor of 242690077 and 14?
7
What is the greatest common factor of 42 and 19556642?
14
What is the greatest common factor of 213549416 and 4304?
2152
What is the highest common divisor of 1971830 and 10234?
238
What is the greatest common divisor of 3627992064 and 3072?
3072
Calculate the greatest common divisor of 1039210 and 3859.
17
What is the highest common factor of 1185 and 5345?
5
What is the highest common factor of 357968550 and 25800?
6450
Calculate the greatest common factor of 40 and 252465910.
10
Calculate the greatest common factor of 26455 and 2468455.
2035
Calculate the highest common factor of 937874 and 106454.
62
What is the greatest common divisor of 4 and 1965036196?
4
What is the greatest common divisor of 153702 and 2430?
18
Calculate the highest common factor of 1 and 14406811.
1
Calculate the greatest common divisor of 31862348 and 392.
196
What is the highest common divisor of 4016112 and 7998?
186
Calculate the highest common factor of 6 and 22701741.
3
What is the highest common factor of 23537171 and 1168?
73
What is the highest common factor of 31714228 and 21593?
1963
Calculate the highest common factor of 176563080 and 240.
120
Calculate the greatest common divisor of 1411 and 530066137.
1411
What is the greatest common divisor of 41000 and 259200?
200
What is the highest common factor of 2084 and 4835401?
521
Calculate the greatest common factor of 6346660 and 2480.
20
What is the greatest common factor of 607548 and 112881?
591
Calculate the highest common factor of 326 and 189047889.
163
Calculate the highest common divisor of 1757 and 3891253.
251
What is the highest common factor of 32544 and 245376?
288
What is the greatest common factor of 1211715 and 540?
45
What is the greatest common factor of 20 and 13561405?
5
What is the highest common factor of 2955651130 and 10?
10
Calculate the greatest common divisor of 21495135 and 420.
15
What is the highest common divisor of 115 and 9786845?
115
Calculate the greatest common divisor of 5015884 and 2.
2
Calculate the highest common factor of 5274 and 366044314.
586
Calculate the greatest common divisor of 16 and 4201972.
4
Calculate the greatest common factor of 394959 and 30621.
519
What is the greatest common factor of 18288408 and 264?
24
Calculate the greatest common divisor of 133496 and 376024.
88
What is the greatest common divisor of 574226 and 850?
34
Calculate the greatest common divisor of 587947847 and 5561.
5561
What is the highest common divisor of 9332000 and 2400?
800
What is the greatest common divisor of 598 and 372336627?
299
What is the highest common factor of 40531680 and 3780?
1260
What is the greatest common factor of 988 and 5066152?
52
What is the greatest common factor of 1024 and 150890944?
64
Calculate the highest common factor of 114745272 and 938.
134
Calculate the greatest common factor of 1176131 and 198.
11
Calculate the greatest common divisor of 221244048 and 1272.
1272
What is the highest common divisor of 2029440 and 1820?
140
What is the greatest common divisor of 835424 and 200?
8
What is the greatest common factor of 6987 and 2733?
3
What is 